{"id":1267,"date":"2012-02-05T22:07:22","date_gmt":"2012-02-06T00:07:22","guid":{"rendered":"https:\/\/www.codepas.com.br\/site\/?page_id=1267"},"modified":"2025-04-02T15:46:40","modified_gmt":"2025-04-02T18:46:40","slug":"estacionamento-rotativo-passo-fundo","status":"publish","type":"page","link":"https:\/\/www.codepas.com.br\/site\/estacionamento-rotativo-passo-fundo\/","title":{"rendered":"Estacionamento Rotativo"},"content":{"rendered":"<h2>Valor das Tarifas a partir de 08\/05\/2023<\/h2>\n<p><strong><span style=\"color: #3366ff;\">30 Minutos \u2013 R$ 1,00 (tempo m\u00ednimo)<\/span><\/strong><\/p>\n<p><strong><span style=\"color: #3366ff;\">60 Minutos \u2013 R$ 2,00<br \/>\n<\/span><\/strong><\/p>\n<p><strong><span style=\"color: #3366ff;\">90 Minutos \u2013 R$ 3,00<br \/>\n<\/span><\/strong><\/p>\n<p><strong><span style=\"color: #3366ff;\">02 Horas \u2013 R$ 4,00 (tempo m\u00e1ximo)<\/span><\/strong><\/p>\n<p>&nbsp;<\/p>\n<p>O Estacionamento Rotativo de Passo Fundo contempla as regi\u00f5es centrais da cidade.\u00a0\u00c9 poss\u00edvel identific\u00e1-lo atrav\u00e9s das placas de sinaliza\u00e7\u00e3o e tamb\u00e9m atrav\u00e9s do meio fio, pintado na cor azul.\u00a0Nessas regi\u00f5es regulamentadas dever\u00e1 ser utilizado o ticket de estacionamento ou pelo\u00a0 aplicativo VAGO.<\/p>\n<p>O pagamento das tarifas \u00e9 realizado atrav\u00e9s da aquisi\u00e7\u00e3o do Ticket nos PARQU\u00cdMETROS instalados em toda a \u00c1rea Azul.\u00a0Basta inserir Moedas ou o Cart\u00e3o de estacionamento Blue Card\u00a0no parqu\u00edmetro e retirar o Ticket.<\/p>\n<p>Ap\u00f3s, o Ticket deve ser deixado no painel do ve\u00edculo, de maneira vis\u00edvel, para que o monitor consiga ler as informa\u00e7\u00f5es.<\/p>\n<p><strong>\u00c1rea Azul<\/strong>\u00a0se refere as \u00e1reas especiais para o\u00a0<strong>estacionamento rotativo<\/strong>\u00a0de ve\u00edculos automotores de passageiros e de carga (m\u00e1x. 4000 Kg). Nessas regi\u00f5es,\u00a0mediante pagamento, o condutor pode usufruir da vaga de estacionamento durante um per\u00edodo limitado de tempo (m\u00e1ximo 2 horas). As informa\u00e7\u00f5es sobre hor\u00e1rio de funcionamento e perman\u00eancia na vaga est\u00e3o vis\u00edveis nas placas de sinaliza\u00e7\u00e3o conforme legisla\u00e7\u00e3o vigente.<\/p>\n<h2>O Funcionamento<\/h2>\n<p>Ao estacionar na \u00c1rea Azul o condutor deve imediatamente procurar o parqu\u00edmetro mais pr\u00f3ximo para efetuar a emiss\u00e3o do comprovante de estacionamento (ticket) e ent\u00e3o coloc\u00e1-lo em um lugar vis\u00edvel dentro do ve\u00edculo. Para esta opera\u00e7\u00e3o o usu\u00e1rio ter\u00e1 10 (dez) minutos de toler\u00e2ncia operacional.<\/p>\n<p>O ticket deve ser colocado\u00a0<strong>dentro do ve\u00edculo<\/strong>\u00a0em local\u00a0<strong>vis\u00edvel<\/strong>. \u00c9 preciso ter cuidado para estacionar no local delimitado da vaga.<\/p>\n<p>Idosos e portadores de necessidades especiais s\u00e3o\u00a0<strong>isentos<\/strong>\u00a0do pagamento mas devem respeitar o tempo m\u00e1ximo de perman\u00eancia na mesma vaga. \u00c9 obrigat\u00f3rio o uso do cart\u00e3o de identifica\u00e7\u00e3o fornecido pela Secretaria de Seguran\u00e7a P\u00fablica.<\/p>\n<h2>Tarifa de Regulariza\u00e7\u00e3o<\/h2>\n<p>A tarifa de regulariza\u00e7\u00e3o(TR) \u00e9 emitida quando uma infra\u00e7\u00e3o \u00e9 identificada no per\u00edmetro de compet\u00eancia do Estacionamento Rotativo. O valor da tarifa \u00e9 de R$ 40,00, o boleto pode ser pago at\u00e9 o vencimento em ag\u00eancias ou lot\u00e9ricas da Caixa Econ\u00f4mica Federal.<\/p>\n<p>Em caso de perda, danifica\u00e7\u00e3o ou extravio da TR\u00a0<strong>dentro da validade<\/strong>\u00a0\u00e9 poss\u00edvel realizar a reimpress\u00e3o do boleto junto \u00e0 sede da CODEPAS. Caso a TR tenha vencido,\u00a0<strong>n\u00e3o \u00e9 poss\u00edvel<\/strong> pagar e nem reemiti-la.<\/p>\n<h2>Infra\u00e7\u00f5es<\/h2>\n<p>S\u00e3o consideradas infra\u00e7\u00f5es ao sistema de Estacionamento Rotativo:<\/p>\n<ul>\n<li><strong>Estacionar <\/strong>o ve\u00edculo nas \u00e1reas regulamentadas\u00a0<strong>sem a apresenta\u00e7\u00e3o do ticket<\/strong>;<\/li>\n<li>Utilizar o ticket de forma <strong>incorreta<\/strong>, contrariando as instru\u00e7\u00f5es nele inseridas;<\/li>\n<li><strong>Trocar<\/strong>\u00a0o ticket, depois de expirado o tempo de perman\u00eancia na mesma vaga;<\/li>\n<li><strong>Colocar<\/strong>\u00a0o ticket do\u00a0<strong>lado externo<\/strong>\u00a0do ve\u00edculo;<\/li>\n<li>Estacionar em <strong>local demarcado por faixas amarelas<\/strong>\u00a0ou\u00a0<strong>fora do espa\u00e7o delimitado<\/strong>\u00a0para a vaga.<\/li>\n<\/ul>\n<p>Os ve\u00edculos que forem encontrados estacionados sem o ticket de estacionamento ou com o ticket expirado, receber\u00e3o a <strong>Tarifa de Regulariza\u00e7\u00e3o<\/strong>\u00a0(TR) no valor de R$ 40,00. O\u00a0<strong>pagamento da TR<\/strong>\u00a0deve ser realizado em at\u00e9\u00a0<strong>48 horas<\/strong>\u00a0contando o tempo a partir de sua emiss\u00e3o. Se o condutor\u00a0<strong>n\u00e3o realizar o pagamento<\/strong>\u00a0da TR no tempo definido receber\u00e1 o Auto de Infra\u00e7\u00e3o de Tr\u00e2nsito.<\/p>\n<p>O pagamento da TR no dentro do tempo definido anula imediatamente a multa de tr\u00e2nsito estabelecida no art. 181, inciso XVII do C\u00f3digo Brasileiro de Tr\u00e2nsito.<\/p>\n<blockquote><p><strong>Art. 181<\/strong>. Estacionar o ve\u00edculo:<\/p>\n<p>XVII \u2013 em desacordo com as condi\u00e7\u00f5es regulamentadas especificamente pela sinaliza\u00e7\u00e3o (placa \u2013 Estacionamento Regulamentado): (Vide Lei n\u00ba 13.146, de 2015) (Vig\u00eancia)<\/p>\n<ul>\n<li>Infra\u00e7\u00e3o \u2013\u00a0<strong>grave<\/strong>;<\/li>\n<li>Penalidade \u2013\u00a0<strong>multa<\/strong>;<\/li>\n<li>Medida administrativa \u2013\u00a0<strong>remo\u00e7\u00e3o do ve\u00edculo<\/strong><\/li>\n<\/ul>\n<p>&nbsp;<\/p>\n<p><img decoding=\"async\" class=\"aligncenter wp-image-12888\" src=\"https:\/\/www.codepas.com.br\/site\/wp-content\/uploads\/2022\/04\/Mapa-Alplia\u00e7\u00e3o-REALIZADA-TUDO-AZUL.png\" alt=\"\" width=\"834\" height=\"619\"  loading=\"lazy\" srcset=\"https:\/\/www.codepas.com.br\/site\/wp-content\/uploads\/2022\/04\/Mapa-Alplia\u00e7\u00e3o-REALIZADA-TUDO-AZUL.png 1583w, https:\/\/www.codepas.com.br\/site\/wp-content\/uploads\/2022\/04\/Mapa-Alplia\u00e7\u00e3o-REALIZADA-TUDO-AZUL-300x223.png 300w, https:\/\/www.codepas.com.br\/site\/wp-content\/uploads\/2022\/04\/Mapa-Alplia\u00e7\u00e3o-REALIZADA-TUDO-AZUL-768x571.png 768w, https:\/\/www.codepas.com.br\/site\/wp-content\/uploads\/2022\/04\/Mapa-Alplia\u00e7\u00e3o-REALIZADA-TUDO-AZUL-1024x761.png 1024w\" sizes=\"(max-width: 834px) 100vw, 834px\" \/><\/p><\/blockquote>\n<h2><\/h2>\n<h2><span data-darkreader-inline-color=\"\">Cart\u00e3o BlueCard<\/span><\/h2>\n<p>O cart\u00e3o\u00a0<strong>BlueCard<\/strong> \u00e9 o cart\u00e3o utilizado para aquisi\u00e7\u00e3o do Ticket de Estacionamento Rotativo nos parqu\u00edmetros da regi\u00e3o central da cidade (\u00e1rea azul). Ele \u00e9 pr\u00e9-pago e pode ser adquirido na Codepas.<\/p>\n<p>Atualmente o cart\u00e3o tem um\u00a0<strong>custo de emiss\u00e3o<\/strong> de R$ 5,00 e \u00e9 adquirido apenas uma vez, podendo ser recarregado com mais cr\u00e9ditos sempre que desejado.<\/p>\n<p>O\u00a0<strong>limite de cr\u00e9ditos<\/strong>\u00a0no cart\u00e3o \u00e9 de R$ 200,00 com seu uso sendo exclusivo no parqu\u00edmetro. Os\u00a0<strong>cr\u00e9ditos do cart\u00e3o n\u00e3o expiram<\/strong>, ou seja, o usu\u00e1rio n\u00e3o precisa se preocupar com o tempo.<\/p>\n<p>A\u00a0<strong>recarga<\/strong>\u00a0pode ser realizadas diretamente no parqu\u00edmetro com o uso de moedas ou na pr\u00f3pria sede da CODEPAS com dinheiro em esp\u00e9cie (n\u00e3o s\u00e3o aceitos cart\u00f5es de cr\u00e9dito\/d\u00e9bito).<\/p>\n<ul>\n<li><strong><a href=\"https:\/\/goo.gl\/maps\/RN9owXpHqo62\" target=\"_blank\" rel=\"noopener noreferrer\">Sede Prefeitura<\/a><\/strong>\u00a0\u2013\u00a0Rua Dr. Jo\u00e3o Freitas, 75 \u2013 Centro, Passo Fundo \u2013 RS, 99010-833 (fundos da Prefeitura Municipal);<\/li>\n<\/ul>\n<p>&nbsp;<\/p>\n<h2>Aplicativo VAGO<\/h2>\n<p class=\"\" data-start=\"464\" data-end=\"700\">Atrav\u00e9s do aplicativo <strong>Vago<\/strong>, voc\u00ea poder\u00e1 identificar a \u00e1rea de abrang\u00eancia do estacionamento rotativo. Escolha o tempo ou valor que deseja utilizar e receba avisos sobre o tempo restante e encerramento do per\u00edodo escolhido para a vaga.\u00a0O app tamb\u00e9m permite regularizar pend\u00eancias dentro do prazo de vencimento.<\/p>\n<p class=\"\" data-start=\"786\" data-end=\"849\">Baixe o aplicativo Vago na Google Play Store ou na App Store.<\/p>\n<h3 class=\"\" data-start=\"46\" data-end=\"99\"><strong data-start=\"50\" data-end=\"99\">Passo a Passo para Utilizar o Aplicativo Vago<\/strong><\/h3>\n<ol data-start=\"101\" data-end=\"314\">\n<li class=\"\" data-start=\"101\" data-end=\"123\">\n<p class=\"\" data-start=\"104\" data-end=\"123\">Baixar o app Vago<\/p>\n<\/li>\n<li class=\"\" data-start=\"124\" data-end=\"157\">\n<p class=\"\" data-start=\"127\" data-end=\"157\">Registre-se (fazer cadastro)<\/p>\n<\/li>\n<li class=\"\" data-start=\"158\" data-end=\"183\">\n<p class=\"\" data-start=\"161\" data-end=\"183\">Fazer o login no app<\/p>\n<\/li>\n<li class=\"\" data-start=\"184\" data-end=\"210\">\n<p class=\"\" data-start=\"187\" data-end=\"210\">Cadastrar os ve\u00edculos<\/p>\n<\/li>\n<li class=\"\" data-start=\"211\" data-end=\"232\">\n<p class=\"\" data-start=\"214\" data-end=\"232\">Comprar cr\u00e9ditos<\/p>\n<\/li>\n<li class=\"\" data-start=\"233\" data-end=\"255\">\n<p class=\"\" data-start=\"236\" data-end=\"255\">Selecionar a vaga<\/p>\n<\/li>\n<li class=\"\" data-start=\"256\" data-end=\"286\">\n<p class=\"\" data-start=\"259\" data-end=\"286\">Escolher o tempo desejado<\/p>\n<\/li>\n<li class=\"\" data-start=\"287\" data-end=\"314\">\n<p class=\"\" data-start=\"290\" data-end=\"314\">Iniciar estacionamento<\/p>\n<\/li>\n<\/ol>\n<p>&nbsp;<\/p>\n<p>&nbsp;<\/p>\n","protected":false},"excerpt":{"rendered":"<p>Valor das Tarifas a partir de 08\/05\/2023 30 Minutos \u2013 R$ 1,00 (tempo m\u00ednimo) 60 [&hellip;]<\/p>\n","protected":false},"author":1,"featured_media":0,"parent":0,"menu_order":0,"comment_status":"closed","ping_status":"closed","template":"","meta":{"footnotes":""},"class_list":["post-1267","page","type-page","status-publish","hentry"],"_links":{"self":[{"href":"https:\/\/www.codepas.com.br\/site\/wp-json\/wp\/v2\/pages\/1267"}],"collection":[{"href":"https:\/\/www.codepas.com.br\/site\/wp-json\/wp\/v2\/pages"}],"about":[{"href":"https:\/\/www.codepas.com.br\/site\/wp-json\/wp\/v2\/types\/page"}],"author":[{"embeddable":true,"href":"https:\/\/www.codepas.com.br\/site\/wp-json\/wp\/v2\/users\/1"}],"replies":[{"embeddable":true,"href":"https:\/\/www.codepas.com.br\/site\/wp-json\/wp\/v2\/comments?post=1267"}],"version-history":[{"count":49,"href":"https:\/\/www.codepas.com.br\/site\/wp-json\/wp\/v2\/pages\/1267\/revisions"}],"predecessor-version":[{"id":13076,"href":"https:\/\/www.codepas.com.br\/site\/wp-json\/wp\/v2\/pages\/1267\/revisions\/13076"}],"wp:attachment":[{"href":"https:\/\/www.codepas.com.br\/site\/wp-json\/wp\/v2\/media?parent=1267"}],"curies":[{"name":"wp","href":"https:\/\/api.w.org\/{rel}","templated":true}]}}